{"id":38,"date":"2013-02-18T15:53:35","date_gmt":"2013-02-18T13:53:35","guid":{"rendered":"http:\/\/www.olesenmarketing.de\/Wordpress\/?page_id=38"},"modified":"2022-11-23T10:59:53","modified_gmt":"2022-11-23T08:59:53","slug":"kontakt","status":"publish","type":"page","link":"https:\/\/www.olesenmarketing.de\/?page_id=38","title":{"rendered":"Kontakt"},"content":{"rendered":"<p><span style=\"color: #0c5c50;\"><strong><span style=\"color: #003366;\">OLESEN <\/span><\/strong><\/span><span style=\"color: #003366;\"><strong>Marketing<\/strong><\/span><\/p>\n<p>Silke Olesen<br \/>\nBataverweg 7<br \/>\n53424 Remagen<br \/>\nTelefon: 02642-9976409<br \/>\nE-Mail: <a href=\"mailto:info&#64;olesenmarket&#105;&#110;&#103;&#46;&#100;&#101;\" target=\"_blank\" rel=\"noopener noreferrer\">&#x69;&#110;f&#x6f;&#64;o&#x6c;&#x65;&#115;&#x65;&#x6e;&#109;a&#x72;&#107;e&#x74;&#x69;&#110;&#x67;&#x2e;&#100;e<\/a><\/p>\n<p><span style=\"color: #003366;\"><span style=\"font-family: Verdana, Arial, Helvetica, sans-serif; font-size: small;\"><strong>impressum<br \/>\n<\/strong><b><\/b><\/span>Herausgeberin und inhaltlich verantwortliche gem\u00e4\u00df MDStV: Silke Olesen<\/span><br \/>\n<span style=\"color: #003366;\">Haftungshinweis: Trotz sorgf\u00e4ltiger inhaltlicher Kontrolle \u00fcbernimmt Silke Olesen keine Haftung f\u00fcr die Inhalte dieser Seiten sowie die externer Links. F\u00fcr den Inhalt der verlinkten Seiten sind ausschlie\u00dflich deren Betreiber verantwortlich.<\/span><\/p>\n<p><span style=\"color: #333300; font-family: Verdana; font-size: small;\">\u00a0<\/span><\/p>\n","protected":false},"excerpt":{"rendered":"<p>OLESEN Marketing Silke Olesen Bataverweg 7 53424 Remagen Telefon: 02642-9976409 E-Mail: in&#102;&#111;&#64;&#x6f;&#x6c;&#x65;&#x73;&#x65;nm&#97;&#114;&#107;&#x65;&#x74;&#x69;&#x6e;&#x67;&#46;d&#101; impressum Herausgeberin und inhaltlich verantwortliche gem\u00e4\u00df MDStV: Silke Olesen Haftungshinweis: Trotz sorgf\u00e4ltiger inhaltlicher Kontrolle \u00fcbernimmt Silke Olesen keine Haftung f\u00fcr die Inhalte dieser Seiten sowie die externer Links. F\u00fcr den Inhalt der verlinkten Seiten sind ausschlie\u00dflich deren Betreiber verantwortlich. \u00a0<\/p>\n","protected":false},"author":1,"featured_media":0,"parent":0,"menu_order":0,"comment_status":"closed","ping_status":"open","template":"","meta":{"footnotes":""},"class_list":["post-38","page","type-page","status-publish","hentry"],"_links":{"self":[{"href":"https:\/\/www.olesenmarketing.de\/index.php?rest_route=\/wp\/v2\/pages\/38","targetHints":{"allow":["GET"]}}],"collection":[{"href":"https:\/\/www.olesenmarketing.de\/index.php?rest_route=\/wp\/v2\/pages"}],"about":[{"href":"https:\/\/www.olesenmarketing.de\/index.php?rest_route=\/wp\/v2\/types\/page"}],"author":[{"embeddable":true,"href":"https:\/\/www.olesenmarketing.de\/index.php?rest_route=\/wp\/v2\/users\/1"}],"replies":[{"embeddable":true,"href":"https:\/\/www.olesenmarketing.de\/index.php?rest_route=%2Fwp%2Fv2%2Fcomments&post=38"}],"version-history":[{"count":21,"href":"https:\/\/www.olesenmarketing.de\/index.php?rest_route=\/wp\/v2\/pages\/38\/revisions"}],"predecessor-version":[{"id":663,"href":"https:\/\/www.olesenmarketing.de\/index.php?rest_route=\/wp\/v2\/pages\/38\/revisions\/663"}],"wp:attachment":[{"href":"https:\/\/www.olesenmarketing.de\/index.php?rest_route=%2Fwp%2Fv2%2Fmedia&parent=38"}],"curies":[{"name":"wp","href":"https:\/\/api.w.org\/{rel}","templated":true}]}}